actors of ((-169)/j)/((-1)/28) - 1.
2, 3, 5
Suppose 13*n - 3338 = 2200. List the prime factors of n/(-63)*-3 + 12/(-42).
2, 5
List the prime factors of 45054 - 3 - (-6 + (-5 - 0)/5).
2, 13, 1733
Let t(c) = c**2 - 29*c + 35. Suppose 314*d - 306*d - 328 = 0. List the prime factors of t(d).
17, 31
Let u(m) = 21*m**2 + 29 - 181*m**3 + 182*m**3 - 6*m + 9*m**2. List the prime factors of u(-30).
11, 19
What are the prime factors of 8/16 + (215831/14 - 2)?
5, 3083
Let p = 16893 + -10521. List the prime factors of p.
2, 3, 59
Let f(m) = -2*m - 67. Let y be 4*5*(-3)/(-9)*-3. Let b be f(y). What are the prime factors of -1623*3/b - 4/(-6)?
181
Let d(j) = -166*j + 168*j - j**2 - j**2 + 1 - j**3. Let i be d(-2). Let h(q) = -q**3 - 4*q + 1. What are the prime factors of h(i)?
2, 5
Suppose -5*k = -5*m - 19190, 0 = -m + 2 - 4. What are the prime factors of k/6 + -11 + (-192)/(-18)?
3, 71
Let f(s) = -2*s + 1. Let p be f(0). Suppose 2*d + 0*m + m = p, 3*d - m = 14. What are the prime factors of d?
3
Suppose -5*s - 68098 = -4*x + 81511, 4*x - 149658 = -2*s. What are the prime factors of x?
11, 19, 179
Let x be -13*(-1 + 2)*(-21)/7. Suppose 3 = 12*c + x. List the prime factors of (c - 1215/(-6)) + (-15)/10.
2, 3, 11
Let d(w) = -w**2 - 31*w - 156. Let x be d(-7). Let m(a) = 107*a + 172. What are the prime factors of m(x)?
2, 7, 13
List the prime factors of (1 - 10962/(-30))/((-648)/(-80) + -8).
2, 229
Let l(y) = 36*y + 38*y + 6 + 8*y. Let s = 2442 - 2440. List the prime factors of l(s).
2, 5, 17
Let o(b) = -b + 15. Let d be o(11). Suppose d*p + 9 = 25. Suppose p*j + j = 25. List the prime factors of j.
5
Suppose 24 = 12*s - 4*s. Suppose -5*p - 2755 = -j, 4*p - s*j + 783 = -1432. What are the prime factors of 6*(p/(-42) + (-6)/14)?
2, 19
Let v be (-3 - 5) + 1994 + 4. Suppose -8*r + v = -4*r + 5*a, 4*r = 5*a + 1970. What are the prime factors of r?
3, 5, 11
Suppose -2*a + 99 + 49 = 2*n, -3*a - 2*n + 221 = 0. Let i = 20 + a. What are the prime factors of i?
3, 31
Suppose -1445295 - 1739015 - 482044 = -87*q. List the prime factors of q.
2, 19, 1109
Suppose -37*p - 10*p - 21*p + 164016 = 0. What are the prime factors of p?
2, 3, 67
Suppose -87*b + 372703 = -198626. What are the prime factors of b?
3, 11, 199
Suppose 4*k + 4*r - 120187 - 41473 = 0, 32 = -4*r. What are the prime factors of k?
40423
Let h = -97 + 92. List the prime factors of (-4153)/(-5) - ((-18)/h - 4).
3, 277
Let o = 51 + -50. Suppose -3*t + 105 = k + 4*k, o = -k - 5*t. List the prime factors of k.
2, 3
Suppose 0 = -d + 1, 3*s + d = -2*s + 39236. List the prime factors of s.
7, 19, 59
Suppose 993 = -3*l - 1074. Let h = -272 - l. What are the prime factors of h?
3, 139
Suppose 4*z - p = 3*p - 36, 2*p = 6. Let g(c) = 7*c**2 - 8*c + 1. What are the prime factors of g(z)?
7, 43
Let a(m) = -6*m - 91. Let j be a(-16). Suppose -2*l = 3*q - 401, -l - 220 = -2*l + j*q. List the prime factors of l.
5, 41
Suppose -6*d - 2743 = -c + 15213, 89861 = 5*c - 3*d. What are the prime factors of c?
2, 11, 19, 43
Let y(l) = l**3 - 95*l**2 + 163*l - 136. List the prime factors of y(94).
2, 5, 127
Let z be ((-4)/(-16) - 0) + 21/12. Let u(r) = 81*r**2 - 4*r + 2. What are the prime factors of u(z)?
2, 3, 53
Suppose 39*x + 14361 = 3*p + 36*x, -5*x - 9562 = -2*p. What are the prime factors of p?
3, 1597
Suppose -4*y + p - 14 = 3*p, y = 5*p - 20. Let n(d) = d**2 + 5*d + 37. Let o be n(y). Suppose 0 = -30*r + o*r - 1120. List the prime factors of r.
2, 5
Suppose 8 = 3*z - 7. Suppose -13*h = 4153 - 4192. Suppose z*b = 2*w + 491, -2*w - 300 = -h*b + w. What are the prime factors of b?
97
Let t(a) = a**2 + a - 6. Let k be t(-6). Let j = k - 23. Suppose -2*i + 12 = 4*r, 7 + j = 3*i + r. What are the prime factors of i?
2
Suppose 2*r - 4*o = -348, -r + 5*o - 184 = o. List the prime factors of (-2662)/(-6) - r/123.
5, 89
Let l(x) = 71*x**2 - 33*x - 7. Let t be l(-7). Let z = -1993 + t. What are the prime factors of z?
2, 3, 5, 19
Let l be (-1*1 - (14 + -11)) + 88. List the prime factors of 39/(2/4*24/l).
3, 7, 13
Let h = -77 - -76. Let q(a) = -592*a**3 + a**2 + 2*a. List the prime factors of q(h).
3, 197
Let v = 15200 + 2557. List the prime factors of v.
3, 1973
Let s(c) = -211*c - 851. List the prime factors of s(-32).
3, 7, 281
Suppose -5*g - 7*s - 2579 = -3*s, 4*g - 3*s = -2088. Let m = 731 + g. What are the prime factors of m?
2, 53
List the prime factors of 9600 - 3 - (-58)/(-203)*(2 + -16).
9601
Let j(c) = c**3 - 6*c**2 + 7*c - 5. Let w be j(5). Suppose -w*m = 10, m = -5*h - 3*m + 1027. What are the prime factors of h?
3, 23
Let a(z) = -z**2 - 3*z + 3. Suppose 8*c - 3*c - 2*b = 39, 5*c - b = 42. Suppose -3*d + 6*d = -c. List the prime factors of a(d).
3
Let l be (-6 + 5 - -8) + -4. Suppose 3*g + l*k = 123, -5*g - 2*k - 34 = -251. List the prime factors of g.
3, 5
Suppose 0 = 3*b - 6, 5*q - 5*b + 25 + 25 = 0. Let f be (-6 - q) + -4 + (-1943)/1. List the prime factors of (-3)/(-7) - 2*f/70.
2, 7
Let m(f) = 24*f**2 + 102*f + 1. What are the prime factors of m(-20)?
7561
Let b(l) = -48*l**2 + 10*l - 6. Let x(r) = -16*r**2 + 3*r - 2. Let i(g) = 3*b(g) - 10*x(g). Let t be i(5). Let v = t - 233. What are the prime factors of v?
13
Suppose -5*g - 11*m = -6*m + 20, 4*g + 3*m + 14 = 0. What are the prime factors of 3*(((-4856)/6)/g + -3)?
5, 241
Suppose 3*m + 3*h = -34 - 116, -3*m = -3*h + 168. Let n = m + 532. What are the prime factors of n?
479
Let o(a) be the third derivative of 0 - 1/3*a**4 + 1/60*a**6 + 0*a**3 + 5*a**2 + 0*a + 11/60*a**5. What are the prime factors of o(-6)?
2, 3
Let w = -130 + -23. Let g be (-11)/(-9) + 34/w. What are the prime factors of g*(3 + (12/4 - -65))?
71
Let x(p) = p**3 - 5*p**2 + 9*p + 1. Let d be x(4). Suppose d*n - 3672 = 13632. What are the prime factors of n?
2, 103
Let d be (-4)/7 - (-16426584)/378. Suppose -4*u - 24*u = -d. List the prime factors of u.
2, 97
Let y(b) = 14758*b + 760. List the prime factors of y(4).
2, 37, 101
Let o(j) = 4*j**3 - j**2 - 19*j + 34. Let c(v) = -11*v**3 + 3*v**2 + 56*v - 103. Let h(r) = -3*c(r) - 8*o(r). What are the prime factors of h(7)?
3, 73
Suppose 0 = -m - b - 59, -2*b - 47 - 191 = 4*m. Suppose 0 = -0*c + 5*c - 930. Let n = m + c. What are the prime factors of n?
2, 3, 7
Suppose 64 + 9686 = 5*a. Let n = a + 84. What are the prime factors of ((-1)/(-3))/(6/n)?
113
Let i be (-2)/(-4)*0/30. List the prime factors of 2 + -1 - i - (-97 - 4).
2, 3, 17
Suppose 339144 = 30*o - 25716. List the prime factors of o.
2, 3, 2027
Suppose -152*x + 136517 = -6773099. What are the prime factors of x?
2, 7, 17, 191
Suppose 0 = -3*c + 3*u + 3, 9 = 2*c - 5*c - 3*u. Let a be 1*(-2 - c)*154/(-14). Suppose 0 = a*x - 14*x + 474. What are the prime factors of x?
2, 79
Let n = -117 + 121. List the prime factors of 2581/87*(-1 + n).
89
Let q = -6 + 3. Let b(v) = -3*v**3 + 13*v**2 - 76*v - 13. Let h(u) = u**3 + 2*u**2 - 12*u - 1. Let d(n) = b(n) - 6*h(n). What are the prime factors of d(q)?
257
Let a(m) = -6*m + 5 + 11 + 4. Let q be a(4). List the prime factors of (-2)/((-1392)/(-3580) + q/10).
179
What are the prime factors of (30/25)/(-13 - (-500180)/38475)?
2, 3, 19
Let x(w) = 13*w - 60. Let d(m) = -30*m + 119. Let q(v) = 3*d(v) + 5*x(v). List the prime factors of q(-36).
3, 11, 29
Let w = 5660 - -45. List the prime factors of w.
5, 7, 163
Suppose -5*b - 4*h + 77268 = 0, b + 4620 - 20082 = -2*h. What are the prime factors of b?
2, 1931
Let o(g) = 16*g**2 - 14 - 4*g**3 + 5*g**3 + 93*g - 94*g. Let y be o(-16). What are the prime factors of 1720/30 - y*2/12?
3, 19
Let k = 38482 + -15242. List the prime factors of k.
2, 5, 7, 83
Suppose 4*j + 5*b - 2124 = 3*b, 5*j + 2*b = 2654. Let x = j - 289. What are the prime factors of x?
241
Suppose 4*b + 3228 = -4*v + 72720, -3*b = -v - 52087. What are the prime factors of b?
5, 23, 151
Let u = -169 - 341. Let r = -301 - u. What are the prime factors of r?
11, 19
Let p(w) = 2*w**3 + 21*w**2 + 22*w - 16. Let o be p(-9). Suppose a - 2*s = 398, -4*a = 24*s - o*s - 1604. List the prime factors of a.
2, 7, 29
List the prime factors of 543/2715 - ((-454494)/5 + 1).
2, 47, 967
Let m(o) = -293*o - 3316. What are the prime factors of m(-112)?
2, 5, 59
Suppose -3*a = a + 12, -4902 = -o + 3*a. Suppose -16*y + o = -9*y. What are the prime factors of y?
3, 233
Le